 o be 1524/72 - 1*(-4)/(-24). What is the greatest common factor of o and w?
7
Let a = -103 - -103. Suppose a = g - y - 59, 0 = -2*g - 5*y - 0*y + 125. What is the highest common factor of g and 8?
4
Let l(c) = c**3 + 2*c**2 + 5*c + 3. Let y be l(4). Let o = 131 - y. Calculate the greatest common factor of o and 12.
12
Suppose 7*v - 312 = v. Suppose -4*j + 66 - 14 = 0. Calculate the highest common factor of j and v.
13
Suppose -l + 2*q = -373, 5*l + 377 = 6*l - 4*q. What is the highest common divisor of l and 41?
41
Let d = -2 - -4. Let i be (1 + -1)/(-7 + 9). Suppose i = -2*p - 2*l + 5*l + 33, -l = 3*p - 55. What is the greatest common factor of p and d?
2
Suppose -5*c - 5*z = -c - 548, -3*z = 5*c - 672. Let j = -57 - -90. Let y = j - 21. Calculate the greatest common divisor of y and c.
12
Let b(g) = 25*g**2 - 10*g + 102. Let d be b(6). What is the greatest common factor of 6 and d?
6
Suppose 3*t - 216 = 27. What is the greatest common factor of 117 and t?
9
Let h be (-2)/(-6) + 134/3. Let g be 3 - (30 - 6)/(-4). What is the greatest common divisor of h and g?
9
Suppose -3*d - d - u = -165, -5*d - u = -205. What is the greatest common factor of 10 and d?
10
Let u(g) = 46*g - 222. Let k be u(6). What is the greatest common factor of 81 and k?
27
Let u = 707 - 191. What is the highest common divisor of 12 and u?
12
Suppose v - 86 = 156. Let y = -21720 + 21742. What is the highest common divisor of y and v?
22
Suppose -85*j = -91*j + 30. Let x(d) = 5*d**2 + 11*d - 21. Let w be x(j). What is the highest common divisor of 106 and w?
53
Let d = 436 - 414. Let v(l) = 0*l**3 - 9*l**2 - 3*l**3 + 5*l**3 + 2. Let y be v(6). Calculate the greatest common factor of y and d.
22
Suppose 0 = -n + 3*n - 48. Suppose 5*k = -0*k - 2*f + 60, f = 5. Suppose -393 = -k*h + 1287. What is the greatest common factor of n and h?
24
Suppose 0 = 6*k - 5*k - 2. Suppose 5*b - 9 = k*b. Let t(n) = n**3 - n**2 + 3*n - 4. Let r be t(b). What is the highest common divisor of r and 115?
23
Let q(h) = 11*h**2 - 2*h. Let z be q(2). Let c be 0 + 41 + 4 + -3. Suppose -c*x + 39*x + 15 = 0. What is the highest common divisor of z and x?
5
Let y(a) = 2*a + 114. Let s be y(13). What is the greatest common factor of 50 and s?
10
Let o be 1/2 - 5180/(-40). What is the greatest common factor of 195 and o?
65
Let z = 776 - 759. Let a(x) = x**3 + 7*x**2 + 5*x - 7. Let d be a(-6). Let h = z + d. What is the greatest common divisor of 16 and h?
16
Let k = -424 - -440. Calculate the highest common divisor of 944 and k.
16
Suppose 10*v - 220 - 130 = 0. Calculate the highest common divisor of v and 2.
1
Let v be ((-10)/4)/((-6)/(-12)). Let x(y) = y**2 + 3*y - 7. Let m be x(v). Suppose -m*b = -0*b - 30. What is the greatest common divisor of b and 2?
2
Let h(d) = -d**2 - 10*d + 3. Let x be h(-10). Let m be x + (0/(-5) - -10). Calculate the greatest common divisor of m and 52.
13
Let l be (-3 - -6)/((-3)/(-6)). Suppose 0*k - 3*k + l = 0. Suppose -49 = -4*c + 5*s + 2, -5*c + 4*s + 66 = 0. What is the highest common factor of k and c?
2
Let r(f) = f**3 - 10*f**2 - 12*f - 2. Let p be r(11). Let t = p - -40. What is the highest common factor of t and 3?
3
Let z = -89 - -169. Suppose -2*a + 37 = -3*w, -7*w + 2*w + z = 5*a. What is the greatest common factor of 153 and a?
17
Let n = 32 + -20. Let q be n/(-4) + 416/2. Suppose 0 = 2*c + 61 - q. Calculate the highest common factor of c and 9.
9
Let g = -214 - -341. Suppose -123*y - 92 = -g*y. Calculate the highest common divisor of 276 and y.
23
Let i = -1478 + 1838. Calculate the highest common divisor of i and 504.
72
Suppose 30 = 11*t - 14. What is the greatest common factor of 6 and t?
2
Suppose -5*z + 5 + 20 = 5*p, 15 = 3*z - 5*p. Let m = -3 - -6. Suppose m*q = -22 + 97. What is the highest common divisor of q and z?
5
Suppose 0*x - 3*v - 15 = -x, -2*x + 15 = -3*v. Suppose r + 19 = 4*j, -3*j - 3*r + 0*r + 18 = x. Calculate the greatest common factor of j and 5.
5
Let t be ((-2553)/(-148))/(2/136). Calculate the highest common divisor of 34 and t.
17
Let n = 1 + -1. Suppose n = 4*y + 25 + 71. Let h = 42 + y. Calculate the greatest common divisor of h and 36.
18
Let s(w) = 31*w - 10. Let p(m) = -1. Let r(u) = 2*p(u) + s(u). Let h be r(5). Calculate the highest common divisor of h and 13.
13
Let h be 60/(-36)*(-2457)/45. What is the greatest common divisor of 52 and h?
13
Suppose -155*i + 136*i + 9500 = 0. Calculate the greatest common factor of i and 20.
20
Let c(y) = -24*y**3 + y**2 - y. Let m be c(1). Let q = m + 61. What is the greatest common divisor of 407 and q?
37
Let k(n) = -81*n**3 - 2*n**2 - n. Let a be k(-1). Let v be (a/(-28))/(2/(-14)). What is the greatest common divisor of 50 and v?
10
Suppose 132*h - 216 = 120*h. Calculate the greatest common factor of h and 18.
18
Suppose 296 + 140 = 4*s. Let z be 1 + -4 + s + 4. What is the greatest common factor of 44 and z?
22
Let n = -2313 + 2482. Calculate the highest common factor of n and 13.
13
Suppose q - i - 2 = 4*i, 0 = q - i - 2. Let w be (26/6 + -3)*6. Suppose j - w = -0. What is the greatest common divisor of j and q?
2
Suppose -7 + 35 = 2*d. Calculate the greatest common divisor of d and 406.
14
Let i be 0/(6 + -14) + 61. What is the highest common factor of i and 183?
61
Let h = -513 - -566. Calculate the greatest common divisor of 265 and h.
53
Let k be (-183)/(-12) - (-1)/(-4). Suppose -2*x = -57 - k. Calculate the greatest common factor of 24 and x.
12
Let h(s) = s**2 + 3*s - 7. Let p be h(-6). Let r = 149 + p. Calculate the highest common factor of r and 32.
32
Suppose -x - 9 + 3 = -2*m, -2*x + 12 = 4*m. Suppose x = -u + 4*v + 55, 3*u + 4*v = 101. Calculate the greatest common factor of u and 13.
13
Let d = -13 + 15. Let t be (2 + -2)/(d - 1). Suppose -34 = -t*x - 2*x. Calculate the greatest common divisor of 85 and x.
17
Let u = 84 - 82. Suppose u*p + 2*p = 200. What is the highest common divisor of 40 and p?
10
Let y(g) = g**2 - 6*g + 6. Let n be y(4). Let w be (-11)/(-2) + 10/20. Let r = w - n. Calculate the highest common divisor of 80 and r.
8
Let d be -3 - 14/(-2) - -2. Let s be (5 + 68/(-8))/((-3)/d). What is the greatest common factor of 63 and s?
7
Let t be (375/(-20))/(2 + (-25)/12). What is the highest common factor of 50 and t?
25
Suppose -5*j + 2 + 18 = 0. Suppose 5*q + 134 = 2*x, 0 = 3*q - 2 - j. What is the highest common factor of x and 108?
36
Let n = -12 - -27. Suppose -s - 1 = -y - 64, -2*s = -4*y - 122. Suppose 5*o = -h + 153, h - s - 58 = -4*o. Calculate the highest common divisor of o and n.
15
Suppose 0 = 2*l + 4*r - 1872, 6*r - 4*r = -2. Calculate the greatest common divisor of 28 and l.
14
Suppose -4*j = -10*j + 4920. Calculate the highest common divisor of j and 10.
10
Let m = -5402 + 5412. Suppose 5*g - 45 = -2*a - 3*a, -2*a = -4*g + 6. What is the highest common factor of a and m?
5
Let d be 33/(-9)*(-92 + 17). Calculate the highest common factor of 88 and d.
11
Suppose -w + 26*z - 1 = 21*z, -4*w - 2*z + 84 = 0. Calculate the highest common divisor of w and 76.
19
Let g = 617 + -616. Calculate the highest common factor of 25 and g.
1
Let w(q) = -10*q - 1. Let o = 29 - 19. Let y = o + -11. Let s be w(y). What is the highest common divisor of 45 and s?
9
Suppose 226 = 3*y + 3*q - 5, -3*q - 89 = -y. Let c = 22 + -61. Let o be 2/(-3) + (-1274)/c. Calculate the highest common divisor of y and o.
16
Suppose u + 618 = o + 4*o, 382 = 3*o + 5*u. What is the greatest common divisor of 31 and o?
31
Suppose -2*i - 7 = j - 4*i, -4*j = i + 37. Let k be 682/4 + j/(-18). What is the highest common factor of k and 19?
19
Suppose 0 = 4*u + 176 - 240. What is the greatest common factor of 104 and u?
8
Let h be (-194)/(-6) - (-1)/(-3). Suppose -33*t = -202 - 183 - 407. Calculate the highest common factor of t and h.
8
Let r = 196 - 160. Let b(q) = -6*q - 20. Let w be b(-4). What is the highest common divisor of r and w?
4
Let s = -223 - -317. Suppose -3*p - s - 1 = -4*j, 85 = 3*j - 5*p. Suppose 0 = -q - q + 16. Calculate the greatest common factor of j and q.
4
Let b(x) = -2*x + 126. Let c be b(36). What is the highest common factor of c and 81?
27
Suppose 0 = -v - 2*h + 30, 2*v + 5 - 89 = 2*h. Suppose 0 = 5*g + 3*m - v, 5*g + 4*m - 39 = -0*g. What is the highest common d